Let z = n + y. What is the remainder when z is divided by 13?
12
What is the remainder when 54 is divided by (-141)/(-18) + 1/6?
6
Let g = 58 + -40. What is the remainder when 58/g + (-2)/9 is divided by 2?
1
Let y(b) = -3*b**3. What is the remainder when y(-1) is divided by 4 - (-1 - (0 - 2))?
0
Suppose -2*j + 20 = j + q, -28 = -2*j + 3*q. Let c = 24 + 7. Calculate the remainder when c is divided by j.
7
Suppose 5*i + 2*q = 2, 0 = 5*i + 2*q - 4*q - 18. Let a be (-6)/((-2)/(-8) - 1). Let y = a + -6. Calculate the remainder when y is divided by i.
0
Let b(y) = -y**3 - 6*y**2 + y + 2. Let m be b(-6). Let w(f) = -2*f - 2. Let k be w(m). What is the remainder when 37 is divided by 82/k + (-2)/3?
11
Suppose 8 = 3*i + 2. Let w(q) = q**3 + 8*q**2 + 6*q - 8. Let l be w(-7). Calculate the remainder when i is divided by (1 + l/2)*2.
0
Suppose -3*p + 21 = -18. What is the remainder when p is divided by 9?
4
Suppose 21 + 14 = 5*y. Let t(n) = -n**3 + 9*n**2 - 9*n + 2. Calculate the remainder when t(y) is divided by 19.
18
Let f(n) = n - 5. Suppose 3*l = -5*h + 3*h + 7, 0 = l + 2*h - 1. Let s be f(l). What is the remainder when 16 is divided by (s - -3)*9*1?
7
Let o(h) = -h**2 + 5*h - 4. Let i be 1*(-2 - -1 - -2). Calculate the remainder when i/2 - 12/(-8) is divided by o(3).
0
Suppose 4*t + 6 = 3*t. Let h = 1 - t. What is the remainder when h is divided by 5?
2
Let k(y) = 2*y**2 + 2*y + 1. Let r be k(-2). Suppose 4*o = r*s + 110, 2*s - s = -4*o + 98. What is the remainder when o is divided by 13?
12
Suppose 2*u + 3*u + 75 = 0. Let v be (6/u)/((-1)/(-10)). Let a = 5 + v. Calculate the remainder when 2 is divided by a.
0
Suppose 3*c + 0*c = 69. Let n(x) = -x**3 - 2*x**2 - x. Let m be n(-3). Let h = m + -4. Calculate the remainder when c is divided by h.
7
Suppose f - 9 = -3*t, -t - 68 = -4*f + 7. What is the remainder when 104 is divided by f?
14
Let o = -28 + 47. Suppose -2*l + 2*u + 15 = -o, 3*l - 4*u - 52 = 0. Calculate the remainder when 416/14 + 6/21 is divided by l.
14
Suppose 0 = -0*r + 2*r - 38. Let p be (-12)/(-9)*9/2. Suppose -p*m + 40 = -2*m. What is the remainder when r is divided by m?
9
Let x(d) = -d**3 - 5*d**2 - 2*d - 2. Let m be x(-4). Let l be (36/m)/(1/(-5)). Suppose 0*f + l = f. Calculate the remainder when 53 is divided by f.
17
Let x(j) = -j**3 + j**2 - j + 2. Let i be x(0). Suppose -3*n = 5*o - 383, -2*n + i*o + 0*o + 250 = 0. What is the remainder when n is divided by 32?
30
What is the remainder when (-2)/(2/(-3)) + 39 is divided by 22?
20
Let p be ((-31)/2)/(1/2). Let c = -10 - p. Calculate the remainder when c is divided by 11.
10
Suppose 4*t + 380 - 8 = 0. Let w = t + 145. Calculate the remainder when w is divided by ((-54)/(-15))/((-1)/(-5)).
16
Let r(l) = l**3 - 10*l**2 + 4*l + 16. What is the remainder when r(11) is divided by 62?
57
Let q(f) = -f**2 + 15*f + 19. Suppose 0 = -r - 4*r + 85. What is the remainder when q(14) is divided by r?
16
Let y(n) = -n**2 - 7*n + 7. Let g = -10 + 21. What is the remainder when y(-4) is divided by g?
8
Let i be -2*((-117)/6 - 2). Let r = i - 22. What is the remainder when r is divided by 12?
9
Let f = -5 - -5. Suppose f*l = -4*l + 172. Calculate the remainder when l is divided by 15.
13
Let q = 2 + -3. Let k = q + 5. Let b(w) = -w**3 - 7*w**2 - 3*w - 10. What is the remainder when b(-7) is divided by k?
3
Suppose -3*g - g + 5*w = 0, -4*g + 24 = w. Calculate the remainder when 18 is divided by g.
3
Suppose 0*w + 3*w = q + 186, 2*w - 117 = 3*q. What is the remainder when 50 is divided by w/5 + 18/45?
11
Let r = 15 + -19. What is the remainder when (54/4)/((-1)/r) is divided by 14?
12
Let b = 8 + -18. Calculate the remainder when 26 is divided by (-1 - -2)/(b/(-140)).
12
Calculate the remainder when (-1035)/(-60)*8/3 is divided by 10.
6
Let v(k) = 3*k - 35. Let x be v(13). Suppose 0 = -3*t + d - 2*d - 8, 12 = -4*t - 2*d. Calculate the remainder when 12 is divided by (t - 12)*(-2)/x.
5
Suppose -3 = -3*y + 3. Calculate the remainder when y is divided by 1.
0
Let d = 346 - 329. Let i(q) = q**2 + 5*q + 3. Let l be i(-5). Suppose -l*r = -r - 100. Calculate the remainder when r is divided by d.
16
Calculate the remainder when ((-1712)/40)/(4/(-10)) is divided by 37.
33
Let q(y) be the first derivative of 2*y**2 + 10*y - 2. Let b(x) = 1. Let z(h) = -12*b(h) + q(h). What is the remainder when 19 is divided by z(3)?
9
Let c(z) = -z**3 - 4*z**2 - 2*z. What is the remainder when 77 is divided by c(-4)?
5
Let y(s) = -5*s - 4. Let g be y(-4). Let q = -11 + g. What is the remainder when 17 is divided by q?
2
Suppose 3*l - l = 12. Calculate the remainder when 11 + 4 - (-2 - -1) is divided by l.
4
Let a(v) = 2*v**2 + 6*v - 2. Let o = 3 - 8. What is the remainder when 53 is divided by a(o)?
17
Let s(c) = 4*c**2 + 8*c + 2. Let b(t) = 27*t. Calculate the remainder when b(2) is divided by s(-3).
12
Suppose -2*p + 7 = -5. Suppose p*r + 88 = 8*r. Suppose -4*s + 45 = -s. What is the remainder when r is divided by s?
14
Suppose -4*t + 62 = 5*r - 27, -2*r = -4*t - 30. Calculate the remainder when r is divided by 9.
8
Let q(y) = -20*y + 5. Let f be q(-5). Let h = f - 75. Calculate the remainder when h is divided by 0 + 17 + (2 - 3).
14
Let t = 12 + -10. Suppose -t*p + 116 = 2*p. What is the remainder when p is divided by 15?
14
Let s = 66 + -43. What is the remainder when 89 is divided by s?
20
Suppose -2*b + 4*q = -4, 5*q - 20 = -0*q. Suppose -65 = -5*m + b. Calculate the remainder when m is divided by 6.
3
Suppose -2 = -2*r, 5*c - 60 = -5*r - 0*r. What is the remainder when c is divided by 7?
4
What is the remainder when 46 is divided by 4/3 - 440/(-30)?
14
Suppose -72 = -3*g - 24. Let f(i) = i**2 - 8*i + 21. What is the remainder when g is divided by f(5)?
4
Let o(g) = -g**3 + 6*g**2 - 6*g + 7. Let i be o(5). What is the remainder when 4 is divided by (-2 + 1)/(i/(-4))?
0
Let y(b) = b**3 + 7*b**2 + 5*b + 13. What is the remainder when 72 is divided by y(-6)?
15
Let n(a) = -a - a**2 + 0 + 2 + 3*a**2 - 3*a**2. Suppose 2*w - 4*w = 0. Calculate the remainder when n(w) is divided by 2.
0
What is the remainder when 62 is divided by ((-32)/(-6))/(-2)*-6?
14
Let i(j) = -2*j + 4. Let z be i(-3). Let p(w) = -w + 17. Calculate the remainder when 19 is divided by p(z).
5
Let m = 3 - 4. Let t be m/((-2)/14*1). Suppose 0 = t*c - 2*c - 130. What is the remainder when c is divided by 9?
8
Let l(x) = -3*x - 9. What is the remainder when 14 is divided by l(-6)?
5
Suppose 0 - 5 = -c. Calculate the remainder when 12 is divided by c.
2
Suppose 4*s - 52 = 12. Calculate the remainder when 61 is divided by s.
13
Let z(t) = 7*t - 21. Let w be z(10). Suppose -4*y + 49 = p, -p - 6*y = -3*y - w. Calculate the remainder when p is divided by 25.
24
Let w(k) = -2*k - 1. Let l(s) = -s - 1. Let p(i) = 5*l(i) - 4*w(i). What is the remainder when 55 is divided by p(5)?
13
Let r(z) = 6*z + 0*z - 3 + 5 - z. What is the remainder when r(4) is divided by 8?
6
Let b = 21 + -29. Let a(w) = -3*w - 9. Calculate the remainder when 29 is divided by a(b).
14
Let n be (2/(-4))/(3/(-42)). Let j = n + -5. Suppose j*p - p = 14. What is the remainder when 26 is divided by p?
12
Let x = -6 + 3. What is the remainder when 20 is divided by 11/(x/(9/(-3)))?
9
Let t be (3/(-6))/((-1)/206). Let c(h) = h**3 + 2*h**2 - 2. Calculate the remainder when (-2)/(-8) + t/4 is divided by c(2).
12
Let f = 6 + 20. What is the remainder when 75 is divided by f?
23
Let p(z) = -2*z - 4. Let a = 5 - -12. Calculate the remainder when a is divided by p(-5).
5
Let l = 14 + 15. What is the remainder when l is divided by 8?
5
Let r(j) = -j**3 + 6*j**2 - 5. Calculate the remainder when 20 is divided by r(2).
9
Suppose 3*g = -4*o + 203, -32 = -5*g - 7. Calculate the remainder when o is divided by 24.
23
Let h = -60 - -72. Calculate the remainder when 56 is divided by h.
8
Suppose b + 3*q - 33 = -4*b, -q = -5*b + 29. Calculate the remainder when ((-4)/6 + 2)*12 is divided by b.
4
Let i(f) be the second derivative of -f**5/20 - f**4/4 + f**3/6 + f**2/2 + 4*f. Calculate the remainder when i(-4) is divided by 8.
5
Let d be (6/9)/(2/9). Suppose u - 4 = 43. Calculate the remainder when u is divided by (0 + (-3)/d)*-16.
15
Let l = -22 + 41. Let y(t) = 2*t**2 + 4*t + 7. Calculate the remainder when 